{"id":220,"date":"2025-07-20T19:05:09","date_gmt":"2025-07-20T19:05:09","guid":{"rendered":"https:\/\/jjb-chennevieressurmarne.fr\/?page_id=220"},"modified":"2025-07-20T19:05:10","modified_gmt":"2025-07-20T19:05:10","slug":"equipe","status":"publish","type":"page","link":"https:\/\/jjb-chennevieressurmarne.fr\/index.php\/equipe\/","title":{"rendered":"\u00c9quipe"},"content":{"rendered":"","protected":false},"excerpt":{"rendered":"","protected":false},"author":2,"featured_media":0,"parent":0,"menu_order":0,"comment_status":"closed","ping_status":"closed","template":"","meta":{"_seopress_robots_primary_cat":"","_seopress_titles_title":"","_seopress_titles_desc":"\u00c9quipe OFLC JJB : professeurs dipl\u00f4m\u00e9s & passionn\u00e9s. Cours adultes, enfants, section f\u00e9minine \u00e0 Chennevi\u00e8res, Ormesson, Noiseau, Champigny et Pontault-Combault.","_seopress_robots_index":"","footnotes":""},"class_list":["post-220","page","type-page","status-publish","hentry"],"_links":{"self":[{"href":"https:\/\/jjb-chennevieressurmarne.fr\/index.php\/wp-json\/wp\/v2\/pages\/220","targetHints":{"allow":["GET"]}}],"collection":[{"href":"https:\/\/jjb-chennevieressurmarne.fr\/index.php\/wp-json\/wp\/v2\/pages"}],"about":[{"href":"https:\/\/jjb-chennevieressurmarne.fr\/index.php\/wp-json\/wp\/v2\/types\/page"}],"author":[{"embeddable":true,"href":"https:\/\/jjb-chennevieressurmarne.fr\/index.php\/wp-json\/wp\/v2\/users\/2"}],"replies":[{"embeddable":true,"href":"https:\/\/jjb-chennevieressurmarne.fr\/index.php\/wp-json\/wp\/v2\/comments?post=220"}],"version-history":[{"count":1,"href":"https:\/\/jjb-chennevieressurmarne.fr\/index.php\/wp-json\/wp\/v2\/pages\/220\/revisions"}],"predecessor-version":[{"id":221,"href":"https:\/\/jjb-chennevieressurmarne.fr\/index.php\/wp-json\/wp\/v2\/pages\/220\/revisions\/221"}],"wp:attachment":[{"href":"https:\/\/jjb-chennevieressurmarne.fr\/index.php\/wp-json\/wp\/v2\/media?parent=220"}],"curies":[{"name":"wp","href":"https:\/\/api.w.org\/{rel}","templated":true}]}}